False
Suppose 0 = x - 4*z, -3*z + 3 = -0*z. Let j be (-3 + -3)/((-6)/x). Suppose -3*b = b - 8, -740 = -4*o + j*b. Is o composite?
True
Is 859365 - 76/95*5 a composite number?
False
Suppose -18*q + 17614 + 13022 = 0. Suppose 12*z - 1142 = q. Is z composite?
True
Suppose -5*c + 13 = 4*a, c + 7*a = 4*a - 4. Suppose -c*z = 2*g - 9949, -2*g + 4*z + 8864 = -1130. Is g a composite number?
False
Let s be 20/15*(13 + 2). Suppose -19*l + 2*t = -s*l + 1713, -l = 5*t - 1707. Is l prime?
False
Let h = -84 + 86. Suppose 680280 = 6*w - w. Is w/16*h/3 composite?
False
Suppose g = -2*u + 693 + 278, -4*g = 4*u - 3876. Is g prime?
True
Suppose 3*q - 4*g = -2*g - 20, -q - 2 = 4*g. Is (-59)/(((-42)/(-259))/q) composite?
True
Is 1862790/42 - (-16)/(-14) composite?
False
Suppose -8*h = -h + 1092. Let o = h + 273. Suppose -i + 4*i - o = 0. Is i a prime number?
False
Let j be -5774*(-3 + -13 - 1). Suppose 6*g = j + 14822. Suppose -7*c = 3*c - g. Is c prime?
False
Suppose -15260 = -26*s + 25*s. Suppose u + 8191 = r, -3*r + s = u - 9313. Is r composite?
False
Let t = -12565 + 27306. Is t composite?
False
Let j = -29 + 75. Let r = j + -52. Is ((-933)/6 - -2)/(3/r) prime?
True
Suppose 0 = -6*u + 3*u + 12. Suppose k + 3840 = -u*q - q, 5*k - 1536 = 2*q. Let m = -181 - q. Is m a composite number?
False
Let n = 214547 - -160538. Is n composite?
True
Let r = -815924 + 2679963. Is r a composite number?
False
Let z = -33 + 36. Suppose 5*t = -z*y + 9, -3*y - 5*t + 9 = -2*t. Let c(r) = 8*r**3 - 3*r**2 + 9*r - 5. Is c(y) a composite number?
False
Let d be 9/(-27) + (-39)/(-9). Suppose d*c - 2 + 6 = 0. Is (0 - (-21)/(-1))/c a composite number?
True
Let o(h) = -10*h**3 - h**2 + 5*h + 5. Let m be o(-5). Suppose -a - t + 1095 = -116, a + 4*t = m. Is a a composite number?
False
Suppose 171*c = 170*c - 3. Is c/4*114556/(-39) prime?
True
Let l = 1529112 - 1038989. Is l a prime number?
False
Suppose -322308 + 15518 = -4*y - a, -6*a + 12 = 0. Is y prime?
True
Suppose -10*b + 40 = -0*b. Let a be (4 - -8)/b - 2. Is 257 + (a - 5/1) a composite number?
True
Suppose 3*s - 7*s + 1313802 = 14*s. Is s composite?
True
Suppose 19*p = 5*p - 10696. Let w = p - -1509. Is w prime?
False
Let c = 58215 - 8402. Is c a composite number?
True
Suppose -1322272 = -22*l + 775846. Is l composite?
False
Let l = 1884623 + -1261620. Is l a prime number?
True
Suppose 3*j + w = 5*w + 25, 5*j + w = 80. Suppose -5*c = -4*n - j, -8*c + 3*c + 15 = -2*n. Suppose -3*s + 3264 + 555 = n. Is s prime?
False
Suppose 13*s = -82 + 43. Is s/(-10) + 2340261/630 prime?
False
Suppose 3*k - 5479 = 1904. Let a = 4782 - k. Is a a prime number?
False
Let c(k) = -40*k + 5. Let b be c(29). Let x = 4003 - b. Is x a prime number?
False
Let m(l) be the second derivative of -l**4/12 + 85*l**3/6 - 57*l**2/2 - 136*l. Is m(36) a composite number?
True
Suppose 3*g + 270 = 33*g. Suppose 625626 = 9*u + g*u. Is u a composite number?
False
Let w be (-1)/((9/3)/30). Let x(c) = -c - 6. Let i be x(w). Suppose 0 = i*j - 4*m - 328, j - 2*j + 70 = -5*m. Is j prime?
False
Suppose -3*o + 12*o = 36. Suppose -5*j = -3*f - 14648, -o*j + 12660 = -f + 943. Is j composite?
True
Suppose 5*d - 6*d - 3 = 0, -2*y + 5*d + 25 = 0. Suppose 0 = 4*p - n - 3*n - 7724, 4*p + y*n - 7724 = 0. Is p prime?
True
Suppose 6*x - 3*x - 27 = 0. Let s(a) = 12*a**2 + a**3 - 3 + 5*a - x*a + 6*a. Is s(-8) a composite number?
True
Let x = 332082 + 67964. Is x a prime number?
False
Let c(k) = 6*k**2 - 9*k + 22. Let m = -231 - -236. Is c(m) a composite number?
False
Let b(w) = 9*w**2 - 13*w + 57. Is b(20) a prime number?
False
Suppose 3*a + 51 - 39 = 0. Is 482 - -5*(60/25)/a a composite number?
False
Suppose -1681806 = 5*p - 47*p. Is p prime?
False
Let s(l) = 32*l**2 + 19*l + 4. Suppose -5*f + 12*f = 42. Let m be s(f). Suppose 5*t = 3*j - 4437 + m, 4*j = t + 4200. Is j composite?
False
Let a be (2 + 14/(-2))/1. Is (-6 + -19)/a - -408 a prime number?
False
Suppose 8*j - 21*j + 3575 = 0. Suppose -v = -j - 1928. Is v a prime number?
True
Let h(r) = -2873*r + 14. Let i be h(-6). Suppose -9*y - i = -13*y. Is y composite?
True
Suppose 265*r + 3*y + 108513 = 268*r, 2*y = -8. Is r prime?
False
Let v be (12/10)/3*-15. Let u(p) = -543*p + 3. Let l be u(v). Is l/6*(3 + -1) a composite number?
False
Let i = -118 - -122. Suppose v + 4*c - 5209 = 0, 4*v = -i*c + 27656 - 6880. Is v composite?
False
Is (-5 + 82212)/(6 - (7 - 2)) prime?
True
Let f(k) = -13*k**3 - k**2 - 3. Suppose -4*g - 19 + 23 = 0. Suppose -3*c + 0*c - 4*q = 2, 0 = q - g. Is f(c) prime?
True
Let v(d) = 90*d - 5. Let f be v(2). Suppose 101 - f = -z. Suppose k - z = 715. Is k a prime number?
False
Let g(t) = -t**3 - 4*t**2 + 2*t - 4. Let f be g(-5). Let r = f + -13. Is (r/4*2)/((-6)/1506) a prime number?
True
Let a be (-8 + -1)*30/(-45). Suppose -2*g = -4*k, a*g + 4*k - 28 = g. Suppose -g*t - 1074 = -6*t. Is t prime?
False
Let k(x) = 15*x**2 + 13*x - 5. Suppose 3*q + 59 = -4*r, 2*q = r + 5*q + 8. Is k(r) a composite number?
True
Suppose -5*c + 510658 = 5*m - 1099032, 0 = -2*m + c + 643891. Is m a composite number?
True
Suppose 24 + 6 = 3*r. Let t(m) = -3*m**3 + 16*m**2 + 5*m + 11. Let x(z) = -4*z**3 + 17*z**2 + 4*z + 12. Let h(u) = 3*t(u) - 2*x(u). Is h(r) composite?
False
Let x be (-6)/(-4)*(-52)/39. Let f be x*((-2006)/4 + 5 + -5). Suppose 3*t - f = -c, 0 = 4*c + c + 2*t - 4989. Is c composite?
False
Suppose -83*o + 81*o = 18. Is ((-10382)/(-4))/(0 - o/18) composite?
True
Let b(s) = -11*s**2 - 9*s - 8. Let v be b(-5). Let r = v + 543. Suppose -r = -3*q + 796. Is q a prime number?
True
Let v = 37 - 35. Suppose 3 = 3*t + 5*j, -j = -v*j - 3. Suppose -a + t*a - 9536 = -3*k, -3*k - 1918 = -a. Is a a prime number?
False
Is 4*1/34 + (-134)/(-17) - -31746 composite?
True
Let z(k) = k**2 - 19*k - 22. Let l be z(20). Is ((-1)/l)/(2 + 25795/(-12898)) a prime number?
True
Suppose 27*i - 53*i + 2392284 = -14*i. Is i a composite number?
False
Suppose 63 = 2*w - 7. Let r = w - 38. Is (2 + -1013)/r - (4 - 6) a composite number?
True
Let c = -7608 + 4874. Let p = c + 4143. Is p composite?
False
Suppose -57 = 17*b + 45. Let y(u) = -339*u - 97. Is y(b) a prime number?
False
Suppose -2*i - 3*f = -7, -5*f + 10*f + 69 = 4*i. Is ((-2)/(-4))/((-8)/(-85360)*i) prime?
False
Let l(h) = h**2 + 4*h + 2. Let f be l(-8). Let a = f - 24. Suppose -1255 = 5*s - a*s. Is s composite?
False
Suppose 19*n - 20441137 = -4406486. Is n a prime number?
False
Is -9 - -10 - -86360*70/20 a prime number?
True
Is 8780*35/30 - (-17)/(-51) a composite number?
False
Let k be 112/21 + 7/(21/2). Let t(r) = 1446*r + 127. Is t(k) composite?
False
Let g be (-67542)/5 - (-35)/25. Let r = 35724 + g. Is r prime?
False
Is 0 + -8 - (-247145 - 46) composite?
False
Let v(o) = 8691*o + 40. Let s be v(5). Is s/(-35)*-1 - (-4)/14 prime?
False
Suppose -19*h + d - 221163 = -23*h, 110580 = 2*h + 2*d. Is h prime?
True
Let m = -101 + 76. Let x = m - -30. Suppose 2*b + 3*g - 1642 = 0, 0*b - 4083 = -x*b - 2*g. Is b prime?
False
Suppose -129*s + 60*s = -6985077. Is s a composite number?
True
Let q be ((-3)/3)/(9/(-72)). Is 3/9*0 + (q - -999) a composite number?
True
Suppose 12*n - 7 - 53 = 0. Suppose -n*g = -4167 - 3548. Is g a composite number?
False
Suppose -4*r = -3*u - 301087, -91*u - 1 = -90*u. Is r a composite number?
True
Suppose -z - u = -3*z + 1, -u = -5*z + 1. Suppose -4*d = 5*f - 3039 + 13844, 3*d - 2*f + 8075 = z. Let o = -1704 - d. Is o prime?
True
Suppose -32576798 = 16*x - 90*x. Is x prime?
True
Suppose -11*f + 342 = -65. Suppose -32058 = -3*j + p, -4*j + 40*p + 42739 = f*p. Is j a composite number?
False
Let a be 3534564/(-418) - (-2)/(-19). Is -2*6/(-12) - (-2 + a) a prime number?
False
Suppose 10*m = -2*m + 84382 + 348926. Is m prime?
True
Is (-2 - 1011274/(-14)) + 204/(-238) a prime number?
False
Suppose -4*b - b = 3*q - 38197, 4*b - 5*q - 30565 = 0. Suppose -a = -4*i + 10182, 3*i - a = -2*a + b. Suppose 8*f - 2534 - i = 0. Is f composite?
True
Let b(l) be the first derivative of 71*l - 3*l**2 - 9 + 11/3*l**3. Is b(12) a composite number?
False
Is (20/8 + -2)*152858 a composite number?
True
Suppose -2*u - 57 = 21. Let h be (-12)/(-4)*(-2 - u - -2). Is h/6 - (-6)/(-12) prime?
True
Let n(v) = 1129*v**3 + 32*v + 40. Is n(7) composite?
True
Let w(a) be the third derivative of 17*a**6/60 + 3*a**